**3 - f**2 - 4*f + 3. Let u be q(2). Let a(h) = h**3 - h**2 - h. Let j be a(u). Determine s(j).
-7
Let v(q) = 6*q**2 + 83*q - 14. Let r = -9038 - -9024. Give v(r).
0
Let c(z) = -5*z + 15. Let a(f) = -28*f + 95. Let l(x) = -a(x) + 6*c(x). Suppose 0 = 5*m + 28 + 22. Calculate l(m).
15
Let q(p) be the third derivative of p**7/2520 - p**6/90 - p**5/120 + p**4/24 - 13*p**3/2 - 2*p**2 - 22. Let m(l) be the second derivative of q(l). What is m(6)?
-13
Let f(n) = n + 25. Suppose -2*i - 49 = -61. Suppose v = -4*c + i*c + 2, -3*c - v = -2. What is f(c)?
25
Suppose -3*m + 292 = -p, 45*m = 41*m - 4*p + 416. Let r = -105 + m. Let g(n) be the second derivative of -n**4/12 - 7*n**3/6 - 5*n**2/2 - n. What is g(r)?
1
Suppose 4*i - 3*s - s - 36 = 0, 0 = 5*s + 20. Let r(v) be the third derivative of 5*v**4/24 + 3381*v**2. Calculate r(i).
25
Let u(b) = -b**3 + 35*b**2 - b + 11. Suppose 25*j + 23*j - 1120 = 16*j. Determine u(j).
-24
Let h(i) = 18*i - 5*i**2 - 1 - 12*i - 4*i**3 + 4*i**2 - 8*i + 5*i**3. Calculate h(-1).
-1
Let p(k) be the second derivative of -k**3/2 - k**2/2 - 8*k. Suppose -73*z + 52*z - 42 = 0. Give p(z).
5
Let b(c) = -2 + 5004*c**2 + 2 - 5001*c**2 - c**3 - 2*c. Suppose 2*g - 47 + 9 = 0. Suppose -2 = -7*t + g. Calculate b(t).
-6
Let b(d) = d**3 + 10*d**2 - 197*d - 2045. Let i be b(-11). Let q(z) = -46*z + 19. What is q(i)?
-27
Let a = -831 + 844. Suppose 0 = -4*z - 20, -6*z + z = 2*h + 11. Let u(d) = 7*d + 7 - a + h + d**2. Determine u(-3).
-11
Let q(w) be the second derivative of -w**3/3 - 79*w**2/2 - 2*w - 696. Determine q(-42).
5
Suppose -2*l - 6 + 0 = 0, 5*r + l = 22. Suppose r + 1 = -2*t. Let b be (12 + -12)*(-1 - t/2). Let s(g) = -g - 14. Give s(b).
-14
Suppose 4*r = r - 2*l - 15, 0 = 3*r + 3*l + 18. Let n(i) = -1 - 391*i**2 - 394*i**2 + 1116*i**2 - 7*i - 332*i**2 + 4*i. Determine n(r).
-1
Let a(v) = v**2 + 5*v - 2. Suppose 7*m - 40 = -5. Suppose 0 = 5*z - 2*r - 31, -2*r - 1 = -4*z + m*z. Suppose 0*b + 25 = -5*q + 2*b, 0 = z*b. Calculate a(q).
-2
Let v(x) = 0 - 2 + 7*x + 10 + 2*x + x**2. Suppose 6 + 14 = 5*n. Suppose 0 = b - 5*y + 13, n*y + 2 = -2*b - 10. Calculate v(b).
0
Let l = -143 - -142. Let t = 11 + -9. Let o(i) = 1 + t*i**2 - 16*i**3 - 2 + 0. Give o(l).
17
Let l(q) = 11*q - 6. Let u = -159 - -247. Let b = u - 84. Give l(b).
38
Let w(g) = -g**3 - 11*g**2 - g + 94. Let z be w(-10). Let l(s) be the third derivative of s**5/60 - 7*s**4/24 + 4*s**3/3 - 3*s**2. Calculate l(z).
-4
Let y(w) be the third derivative of 1/60*w**5 + 5 + 0*w + 3*w**2 + 7/6*w**3 - 2/3*w**4. Determine y(16).
7
Let b(u) = 20*u**2 - 7*u + 1. Let w(s) = -s**2 - 4*s - 1. Let n(c) = -b(c) + w(c). Give n(-3).
-200
Let r(s) be the second derivative of -s**3/3 + 17*s**2/2 + 445*s + 26. Let b(g) = -3*g - 4. Let c be b(-4). Give r(c).
1
Let y(p) be the first derivative of -p**6/360 + 16*p**3/3 + 2*p**2 + 139. Let h(q) be the third derivative of y(q). Give h(2).
-4
Let s(t) = 252*t - 9*t**2 - 487*t + 10*t**2 - 3 + 230*t + 9. Suppose -3*r + r = -10. Calculate s(r).
6
Suppose 52 = -4*w - h, -5*w - 16 = -3*w - 2*h. Let o(s) be the first derivative of s**2/2 - 2162. Calculate o(w).
-12
Let k(u) = u**3 + 5*u**2 - 2*u - 4. Let d be k(-5). Let b(f) = 4 + 5*f - 5 + 6 - 1 - f. Let m(o) = 8*o + 8. Let i(y) = d*m(y) - 11*b(y). What is i(3)?
16
Let w(y) = -y + 9. Let h(x) = 8*x - 43. Let j(k) = -h(k) - 2*w(k). Calculate j(6).
-11
Suppose 0 = -17*y + 56 + 63. Let n be 0/(-3 + y - 6). Let i(v) = v**3 - v**2 - 2*v - 4. What is i(n)?
-4
Let z(s) = 179*s - 1. Let a(p) = -492*p + 2. Let r(h) = 4*a(h) + 11*z(h). Let t be (0 - -6 - 0)/2. Give r(t).
0
Let c(b) = 2*b**3 + b - 1. Suppose -14*z - t = -9*z - 12, 5*z = 5*t. What is c(z)?
17
Let i(p) = 7*p**3 - 2*p**2 - 2*p + 9. Let f be (-5)/10*5*-2. Let h(a) = 6*a**3 - 2*a**2 - a + 7. Let s(x) = f*i(x) - 6*h(x). What is s(2)?
-5
Let h(y) be the third derivative of y**5/60 + y**4/4 - 3*y**3/2 - 2*y**2 + 20*y. Suppose -4*f - 12 = -4*l, 5*f + l = -55 + 10. Determine h(f).
7
Let p = 17 - 15. Suppose p + 7 = 3*h. Let o(c) = -7*c + 3. Let t(x) = 6*x - 4. Let d(m) = h*o(m) + 4*t(m). Determine d(7).
14
Let l(u) = u**3 + 13*u**2 + 21*u - 10. Let y(v) = 6*v + 1. Let h be y(-2). Let b be l(h). Let x(g) = 3 - 6*g + 5*g + 4 - 8. What is x(b)?
-2
Let c(a) be the third derivative of 2*a**4/3 - 8*a**3/3 - 4349*a**2. Calculate c(3).
32
Let w(f) = -f**3 - 42*f**2 - 79*f + 13. Let b be w(-40). Let r(v) = -v**3 - 28*v**2 - 27*v. Determine r(b).
0
Let f(h) be the third derivative of -h**6/120 - 2*h**5/15 - 5*h**4/24 + 3*h**3/2 + 220*h**2. Suppose -2*g - 49 = 5*g. Calculate f(g).
-5
Let y(d) be the second derivative of -d**4/12 + 5*d**3/6 + d**2 + 4*d. Let v be y(6). Let n(p) = 490 + 501 - 986 + p. Determine n(v).
1
Let k(c) = -c**2 - 4*c + 3. Let y be (-626)/18 - 6/27. Let w = 70 + y. Let j = w + -38. What is k(j)?
6
Let t(n) = -2*n**3 + 11*n**2 - 8*n - 7. Let q = 8305 - 8301. What is t(q)?
9
Suppose 341*k + 32 = 345*k. Let u be (4/k)/((-2)/12). Let t(x) = 4*x**2 - x - 3. Determine t(u).
36
Suppose -1871 + 2158 = 41*p. Let w(b) = -b + 1. Determine w(p).
-6
Let j(i) = -3 + 9*i + 5*i**2 - 3 + 5 - i**3. Let k = -67 - -99. Suppose -5*w - 2*f = -k, 0*f - 23 = -4*w + f. Give j(w).
17
Let u(j) = 17*j + 3. Suppose 1762 = 12*r + 1774. Determine u(r).
-14
Let j(x) = -x**2 - 4. Let l(i) = -6*i**2 + 6*i - 25. Let a(m) = -5*j(m) + l(m). Give a(1).
0
Let f(t) be the first derivative of -t**3 - 5*t - 1178. Give f(3).
-32
Let a be (4650/(-200))/(-93)*1/((-2)/(-4)). Let i(y) be the first derivative of a*y**2 + 2 + 5*y. Determine i(-7).
-2
Let q(m) = 7*m**3 + 10 + 321*m**2 + 311*m**2 - 637*m**2 + m. Let x(c) = 5*c**3 - 5*c**2 - c + 9. Let h(l) = -2*q(l) + 3*x(l). Calculate h(5).
-18
Suppose 2*r - 5*w - 3 = 2, -7 = 2*r - w. Let n be 0 + 4 + -8 - r. Let b be 6/(-2) - 4 - (n - 1). Let p(k) = -k**2 - 7*k + 5. Give p(b).
5
Let j(v) = 85*v - 29. Let s(t) = -56*t + 18. Let w(l) = 5*j(l) + 8*s(l). Give w(1).
-24
Let p(h) = 4*h**2 - 72*h - 159. Let u be p(-2). Let g(o) = 71*o - 3. Calculate g(u).
68
Let o = 87 + -244. Let q = o - -151. Let n(v) be the third derivative of v**5/60 + v**4/4 + 5*v**3/6 + 2*v**2. Calculate n(q).
5
Let p = 171 - 222. Let j = p - -55. Let h(d) = 2*d + 1. Give h(j).
9
Let l be (-4)/2 + -12 + 11. Let x(n) = -n**3 - n**2 + 5*n + 9. Let h be x(l). Let u(r) = -r**2 + 12*r + 10. Give u(h).
10
Let f(p) = -p**3 - p**2 + p - 2. Let i(a) = -2*a**3 - 42*a**2 - 35*a + 97. Let n be i(-20). What is f(n)?
13
Let w(u) = -9 - 2*u - 11 - 12 + 34 - 11. Let r = 12 + -4. Let f = r - 14. Give w(f).
3
Let x(s) = -1 - 9*s - 5*s - 12*s + 9*s - 10*s. Determine x(-3).
80
Suppose 0 = -3*d - 4*o - 21, -2*d + o + 0*o - 25 = 0. Let q(c) be the first derivative of -c**4/4 - 4*c**3 - 6*c**2 - 691. What is q(d)?
11
Let j(i) = -100 - 99 - 91 + 8*i + 398 - 101. Determine j(2).
23
Suppose -8*r + 3*r - 2*y - 674 = 0, 5*r + 695 = 5*y. Let a be (-2)/6 + r/(-12). Let s(l) = -l + 25. Determine s(a).
14
Let f be 690/175 + 126/2205. Let j(h) be the first derivative of -24 - h**2 - 1/3*h**3 - f*h. What is j(-3)?
-7
Let g(u) be the first derivative of 3*u**2/2 - u + 446. What is g(1)?
2
Let g(b) = -b + 7. Let r be (-13)/(-2)*(1 + 22 + -3). Let a be (-12)/(-5)*r/104. Give g(a).
4
Let p(o) = 35*o + 25*o - 89*o + 31*o. Let n(g) = -g + 11. Let w be n(0). Let v = -16 + w. Give p(v).
-10
Let z(w) = -4*w + 67. Let y(c) = -c**3 + 2*c**2 - 63*c + 22. Let v be y(0). Give z(v).
-21
Let n(r) = r - 3. Let m be n(5). Suppose 4*h = -m*t + 2, 2*t = 2*h - 2*t - 6. Let i(b) be the third derivative of b**4/12 - b**3/6 - 10673*b**2. Determine i(h).
1
Let s be (-5)/((-20)/8) + 5. Let b(z) = 3*z - 6. Suppose 14*w - 8 = 18*w. Let n(k) = 16*k - 28. Let a(d) = w*n(d) + 11*b(d). Give a(s).
-3
Let k(z) = 2*z + 57 - 246 + 49 + 70 + 51. Calculate k(2).
-15
Let x(c) = -c**2 - 2*c + 26. Suppose -2422 = 83*d - 410*d - 19*d. Give x(d).
-37
Let l(z) = -z**2 + 8*z - 2. Suppose 6*o = 10*o + 172. Let h = 41 + o. Let g be 1 + (10 - (h + 5)). What is l(g)?
-2
Suppose 0 = -5*p + 2*t + 38, 4*t + 35 = 4*p - 5. Suppose 4*m = p*m - 6. Let k be 4 + (m/2)/((-9)/12). Let a(h) = -3*h**3 + h**2 + 3*h - 2. Give a(k).
-16
Let s(z) = 2*z**2 - 7*z + 4. Let x be 8*(6 - 22/4). Let r(u) = 3*u - 8. Let f be r(x). Calculate s(f).
8
Let d(o) = -9*o**2 - o - 1118939 + 0